of j(0).
2, 41
Let w(r) be the second derivative of r**7/630 - r**6/360 - r**4/12 + 2*r. Let i(a) be the third derivative of w(a). List the prime factors of i(2).
2, 3
Suppose 4*z - 54 = 2*t - 5*t, -16 = -2*t + 4*z. Suppose -705 = -19*s + t*s. What are the prime factors of s?
3, 47
Let q(b) = 4*b**2 + b - 5. Let g be q(3). Let t = -23 + g. Suppose -2*p + 45 = t. List the prime factors of p.
17
Suppose 5*k = 118 - 48. Suppose 26 = 4*p + l + 4*l, 0 = 2*p + 3*l - k. Suppose -v + p*v = 6. List the prime factors of v.
2
Suppose 0 = k - 3*k + 28. Suppose -78 = 27*m - 21*m. What are the prime factors of 0 - m - 42/k?
2, 5
Suppose 2*u + 5*l = l + 1042, -2*u + 1046 = 5*l. What are the prime factors of u?
3, 19
Suppose -2*z + 4*y - 4 = -3*z, 2*z + 4*y - 4 = 0. Suppose z*p = 4*p + 68. Let x = p + 39. What are the prime factors of x?
2, 11
Let a = 2119 - 987. List the prime factors of a.
2, 283
Suppose 28 = h - 0*h. Suppose -4*r + 0*k = 5*k - h, 5*r = -5*k + 35. Suppose -4*m + 5*c = -r*m + 153, c = m - 51. What are the prime factors of m?
3, 17
Suppose j = 103*i - 102*i - 4044, 0 = -2*i - 4*j + 8058. List the prime factors of i.
7, 577
Let p = 674 + 322. What are the prime factors of p?
2, 3, 83
Suppose 3*v = -5*z + 3*z + 18, -2*v = 5*z - 23. Suppose v*b + 4 = 2*d, -5*d + 2*b = -0*b - 10. Suppose -k + 126 = d*k. List the prime factors of k.
2, 3, 7
Suppose 14*i - 24592 = 874. What are the prime factors of i?
17, 107
Let s(h) = h**3 + 18*h + 10*h**2 + 10*h**2 - 16*h**2 - 1 + 19*h**2. List the prime factors of s(-22).
3, 29
Suppose -6*s - 12 = -4*s. Let x = 18 + s. Suppose -5*v = -118 - x. What are the prime factors of v?
2, 13
Let s(b) = -120*b - 105. What are the prime factors of s(-12)?
3, 5, 89
Suppose 46 = 6*m - 3*m + 5*v, -2*m = 5*v - 39. Let u be m/(-35) - 22/(-10). Suppose q + u*q = 63. List the prime factors of q.
3, 7
Let k(q) = q**2 + 7*q - 5. Let s be k(-22). Suppose -6*v = -v - s. What are the prime factors of v?
5, 13
Suppose 5*h + 828 = -4*v, 231 = 3*h + v + 725. Let q = 304 + h. List the prime factors of q.
2, 5, 7
Let f(c) = c**3 + 1 + 2 - c - 2*c**2 + 2. Let r be (96/80)/((-6)/(-20)). What are the prime factors of f(r)?
3, 11
Let z(u) = -2*u**3 - 19*u**2 + 5*u - 23. List the prime factors of z(-17).
3, 1409
Suppose 745 = 5*n + 2*q, 0*n + n - 146 = -q. What are the prime factors of n?
151
Suppose 0 = 2*f - 0*f - 40. Let c = -1 + f. Let l = c + 35. List the prime factors of l.
2, 3
Suppose 5238 = 27*k - 3105. What are the prime factors of k?
3, 103
Let a be (-4)/(-14) + (-2264)/(-14)*1. Suppose 4*u - 362 - 258 = -5*l, a = u + 3*l. List the prime factors of u.
2, 3, 5
Suppose 0*d = d. Suppose d*o + 12 = 3*o. Suppose -45 + 113 = o*l. List the prime factors of l.
17
Suppose -2 = l, -5*o + 670 = -4*l - 2268. List the prime factors of o.
2, 293
Suppose -4*u - 2*k + 2322 = 0, 0 = u - 6*k + k - 564. What are the prime factors of u?
3, 193
Suppose 8*b - 3*b = 0. Suppose b = p - 43 - 26. List the prime factors of p.
3, 23
Let w(k) = 823*k**2 + 2*k - 3. Let x be w(1). Suppose 3*f = 3*s + x, -8*f + 5*f + s + 820 = 0. List the prime factors of f.
3, 7, 13
Let a(v) = 15*v**2 - 2*v. Let g(m) = -29*m**2 + 4*m. Let j(b) = -7*a(b) - 4*g(b). Let n be j(5). Suppose n = 5*x - 0*x. List the prime factors of x.
53
Suppose -3*s + 2*g - 116 = -5*s, 2*s = -3*g + 119. Let x = -4 + 9. Suppose x*c - 25 = s. What are the prime factors of c?
2
Let r(n) = n**3 + 34*n**2 + 10*n - 136. List the prime factors of r(-33).
7, 89
Let h be (-2 - 0) + -1 + 3. Suppose h = -5*k - 15, 2*m - 5*k - 36 = m. List the prime factors of m.
3, 7
Let q(r) = 1078*r**2 + r - 2. What are the prime factors of q(1)?
3, 359
Let q = -4 + 3. Let z(b) be the second derivative of -9*b**5/5 - b**4/6 - b**3/3 - b**2/2 + 4*b. What are the prime factors of z(q)?
5, 7
Suppose 0 = -5*q - 6 - 9. List the prime factors of (-400)/4*q/4.
3, 5
Suppose 0 = 3*h - 279 + 36. List the prime factors of 0 - (2 - h - -3).
2, 19
Suppose -4*z = -m + 128, -14*m - z = -10*m - 461. What are the prime factors of m?
2, 29
Let k = -128 - -2834. List the prime factors of k.
2, 3, 11, 41
Let z(r) = -143*r - 126. What are the prime factors of z(-8)?
2, 509
Suppose -2*o = -2*s - s + 5, o = s. Suppose -o*a + k = -3*k - 595, 5*a + k - 620 = 0. Suppose 4*x + d = a, 0 = 3*d - 0 - 9. List the prime factors of x.
2, 3, 5
Suppose 0 = -2*j + 66 + 214. What are the prime factors of j?
2, 5, 7
Let j(a) = 7*a**2 + 6*a + 36. List the prime factors of j(9).
3, 73
Let p(l) = l**2 + 27*l + 27. Let r be p(-26). What are the prime factors of 101*(-3 - -2)*(r - 2)?
101
Let a(i) = 0 - 4*i - 10*i**3 - 1 - 4. List the prime factors of a(-2).
83
Let i(k) = 2*k**2 + 4*k + 35. List the prime factors of i(7).
7, 23
Let d = -1 + 7. Suppose s = 4*g + 11, 5*g + d = 3*s - 13. Suppose -m + s*a = 10 - 43, 5*m = 4*a + 165. What are the prime factors of m?
3, 11
Let k be -2 - (97 - (-3)/(-9)*0). Let l = k + 192. List the prime factors of l.
3, 31
Suppose -4*x = -5*x. Let r(p) = x - 6 - 21*p + 8. List the prime factors of r(-2).
2, 11
Let x(l) = 535*l**2 - l. Let z be x(-1). Suppose -22*s = -26*s + z. What are the prime factors of s?
2, 67
Let y = -9 - -9. Suppose -2*k + 0*k + 1 = 3*t, y = 5*t + 5*k + 5. What are the prime factors of 4/2*1 + t?
5
Suppose -7*f - 41 = 1. Let z be -4*22*3/f. Suppose -2*o = -6*o + z. What are the prime factors of o?
11
Let u be (-8)/18*297/(-66). Suppose 0 = -2*q - u*q - 2*n + 296, 4*n = 4*q - 296. List the prime factors of q.
2, 37
Suppose 5*m = 3*f - 385, -10 - 380 = 5*m - 4*f. Let i = 81 + m. What are the prime factors of i?
7
Suppose 5*g - 74 - 842 = -4*q, -5*g - 652 = -3*q. Suppose -663 = -5*r - 2*c - 79, q = 2*r - 4*c. What are the prime factors of r?
2, 29
Suppose -2*d + 2578 = -r, 23*d - 5*r - 2578 = 21*d. List the prime factors of d.
1289
Let c(l) = -12*l + 6. Suppose -4*x = -0*x - 3*t - 8, x + 2*t = 13. Let k(h) = 6*h - 3. Let j(m) = x*k(m) + 2*c(m). What are the prime factors of j(3)?
3, 5
Suppose -4*i - 4*l + 734 = -2*l, 3 = l. Let g = i + -274. Let p = 131 + g. What are the prime factors of p?
3, 13
Let q be 1/3 + 100/15. Suppose q*a + 181 - 909 = 0. List the prime factors of a.
2, 13
Let i(g) = g**2 + 5*g - 6. Let o be i(-6). Suppose o = n - 3*y - 36, 3*y = -4*n + 2*y + 105. Suppose n = 3*f - 33. What are the prime factors of f?
2, 5
Let r = 3 - -36. Suppose -2*l + 41 = -7. Let c = r - l. List the prime factors of c.
3, 5
Let k = -28 + 21. Let l be (2 + k)/(6/24). Let g = l - -23. What are the prime factors of g?
3
Suppose 4*y + 3*o - 3969 = 0, o - 5 = 2*o. What are the prime factors of y?
2, 3, 83
Let y = 28 + -21. Let g = -3 + y. Suppose -91 = -g*r + 105. List the prime factors of r.
7
Suppose -5*y = 0, 4*y = 5*z + 17 + 3. Let v(b) = -b**2 + b**3 + b**2 + 7*b**2 - 3. What are the prime factors of v(z)?
3, 5
Let a(m) = m**2 + 17*m + 21. Let j = -22 + 6. Let x be a(j). Suppose -13 = -v + h, -x*h + 12 = 3*v - v. List the prime factors of v.
11
Let c be 572/(-91) + (-4)/(-14). Let i = c - -13. Suppose i*n = 2*n + 55. List the prime factors of n.
11
Suppose -34*l - 1541 + 6709 = 0. List the prime factors of l.
2, 19
Suppose 0 = -4*q - 93 + 85. What are the prime factors of ((-45)/(-10))/(q/(-68))?
3, 17
Let h(n) = n**3 + 8*n**2 + 2*n + 19. Let k be h(-8). Let t(u) = -u**2 + 2*u + 2*u + u**3 - 3*u. List the prime factors of t(k).
3, 7
Let x be -346 - 12/3 - 4. Let v = -115 - x. Suppose 0 = 4*g - 5*p - 186, 2*g = -3*g + 3*p + v. What are the prime factors of g?
7
Let v be ((-664)/6)/(-2 - 12/(-9)). List the prime factors of (v/(-3))/((-5)/15)*1.
2, 83
Suppose -5*i + 2*z + 30 = 0, 3*i - 2*z - 9 = 5. Let o(r) = -r**2 + r + 8. Let v(k) = k. Let s(b) = -o(b) - 3*v(b). What are the prime factors of s(i)?
2, 3
Let x(q) = -q**3 + 18*q**2 + 8*q - 17. Let b(j) = 3*j**2 + 4*j + 3. Let y be b(-3). What are the prime factors of x(y)?
127
Let v(j) = 11*j + 124. Let n(b) = 17*b + 186. Let x(h) = -5*n(h) + 7*v(h). What are the prime factors of x(-23)?
2, 61
Suppose 20 = 8*y - 4*y. Suppose l = 4*l - 12, 0 = 5*n + y*l - 50. What are the prime factors of n?
2, 3
Suppose -14 = 5*n + 11, -7437 = -8*h + n. List the prime factors of h.
929
Suppose -3 = j - 7. Suppose -3*i = -j*i - 3. List the prime factors of 1/i - (-1547)/51.
2, 3, 5
Suppose 2